 h(u) = -5*u**2 + 7. Let x(d) be the second derivative of -d**4/12 + d**2/2 - 16*d. Let n(q) = h(q) - 6*x(q). What is n(-3)?
10
Let f(j) = 7*j - 11. Let y(s) = s**3 - 11*s**2 + 22*s - 31. Let o be y(9). Give f(o).
24
Let j(q) be the third derivative of q**5/60 - q**4/24 - 2*q**3/3 + 4*q**2 - 2*q. Determine j(6).
26
Suppose -x + 3*x = 0. Let v be 0 + -1*(x - 3). Let b(u) = u**3 + 3*u + 1 - 2*u + 2*u + v*u**2. Calculate b(-2).
-1
Let m(b) = b**3 + b - 2. Let i(p) = 4*p**3 - 4*p**2 + 11*p - 14. Let s(c) = -i(c) + 5*m(c). Determine s(-5).
9
Suppose 0 = 4*o - 80 - 4. Let m = 28 - o. Let a(d) = d**2 - 5*d - 8. Determine a(m).
6
Let k(t) = -t**3 - t + 1. Let s(a) = -3*a**3 - 6*a**2 - 3*a - 3. Let y(m) = -4*k(m) + s(m). Determine y(6).
-1
Let l(q) = -q**3 + 13*q**2 + 13*q + 18. Let w be l(14). Let d(p) = 17*p - 6. Calculate d(w).
62
Let o(c) be the third derivative of 0 + c**3 + 0*c + 19*c**2 - 1/24*c**4. Let w(v) = -v**3 - 6*v**2 - v. Let b be w(-6). Determine o(b).
0
Suppose -16*i - 10 - 6 = 0. Let d(h) be the first derivative of -4*h**2 + h - 4. Determine d(i).
9
Let d(c) = -2*c**3 - c + 2*c**3 - 1 - c**3 + 2*c**2. Suppose 2*t + 1 - 5 = 0. Determine d(t).
-3
Let l be ((-3)/(-2))/((-1)/2). Let r(v) = -31*v**3 + 9*v**2 + 2*v - 23. Let a(q) = 11*q**3 - 3*q**2 - q + 8. Let p(f) = 17*a(f) + 6*r(f). What is p(l)?
13
Suppose -4*u + 73*l = 69*l - 12, -19 = -3*u + 5*l. Let m(r) be the third derivative of r**6/120 - r**5/60 - r**4/8 - r**3/6 - r**2. Determine m(u).
-7
Let w(l) = 41 - 71 + 39 - 3*l. What is w(7)?
-12
Let a(o) be the second derivative of o**3/3 + 7*o**2/2 + 3*o. Let t = -257 - -251. What is a(t)?
-5
Let w(l) be the second derivative of -l**3/6 + 2*l + 12. Determine w(-2).
2
Let t(m) = m**3 + 2*m**2 - 2*m - 4. Let q be (-12)/18*(-30)/4. Suppose 0 = 5*v + 3*x + 6, -q*x + 21 = v - 3*v. Give t(v).
-7
Let l(m) = 90*m + 1000. Let q be l(-11). Let b(h) = -h + 13. What is b(q)?
3
Suppose 8*w - 3*w = 15. Let o be w/(6/(-8)) + 1. Let v(m) = m**3 + 3*m**2 - m + 3. Determine v(o).
6
Let s(f) = -f**2 + 4*f + 2. Let o be s(2). Let z be -21*8/(-36) + (-4)/o. Let c(h) = -3*h + 8. Let g(t) = t - 3. Let l(d) = 2*c(d) + 7*g(d). Give l(z).
-1
Let w(b) be the third derivative of 0 - 2/3*b**3 + 3*b**2 - 1/12*b**4 + 0*b. Suppose d + 2 - 7 = 0. Give w(d).
-14
Let z(a) = 2*a**3 - 4*a**2 + 3*a + 1. Suppose 5*k + 33 - 43 = 0. Give z(k).
7
Let y(p) be the second derivative of 22*p**3/3 - p**2 + 71*p. Calculate y(1).
42
Suppose 92*w - 89*w - 27 = 0. Let r(l) be the second derivative of -l**3/3 + 3*l**2 - 2*l. What is r(w)?
-12
Let z = 3 + -6. Let r = 23 + -19. Let j(o) = r*o + 0 - o**3 + 5 - 2*o**2 - 3. What is j(z)?
-1
Let v(k) = -3*k - 1. Let b(c) = c**2 + 4*c - 2. Let y be b(-5). Suppose y*h - s = 3*s + 23, 2*h - 4*s - 22 = 0. Determine v(h).
-4
Let p = -2265 - -2269. Let a(f) = -7*f - 9. Let r(h) = -4*h - 5. Let z(x) = 3*a(x) - 5*r(x). Determine z(p).
-6
Let v(x) = -14*x - 45. Let c(u) = 16*u + 54. Let y(q) = -6*c(q) - 7*v(q). Give y(2).
-5
Let z(w) be the second derivative of w**4/12 - w**3/3 + w**2/2 + 7*w. Suppose -2*x + 45 = 7*x. Calculate z(x).
16
Let w(s) be the first derivative of 1/2*s**2 + s**3 - s + 1/2*s**4 - 8. What is w(-2)?
-7
Let z be 48/9 + 10/195*13. Let u(y) = y**3 - 7*y**2 + 5*y + 6. Determine u(z).
0
Let b(m) = m + 1. Suppose 5*c - 2*l - 16 + 3 = 0, 1 = 2*c - 5*l. Let n = 7 + c. Suppose 0 = -5*s - n - 20. Calculate b(s).
-5
Suppose -5*g + 32 = 82. Let i = g + 10. Suppose i = -l - l. Let b(r) = -r**2 + r + 6. Give b(l).
6
Let k(a) = a**3 - 8*a**2 + 12*a + 3. Let m be k(6). Let s(l) = -2*l**2 + 4*l - 1. Give s(m).
-7
Let l(y) be the second derivative of 0 + 3*y**2 - 1/3*y**3 - 19*y. Give l(5).
-4
Let p(x) = -337*x - 30. Let i(o) = -44*o - 4. Let y(s) = 46*i(s) - 6*p(s). Let j(u) = -u**3 + 6*u**2 - u + 3. Let b be j(6). Calculate y(b).
2
Suppose -5*m + 45 = 5*u, 5*u = 4*m - 0*m - 36. Let f(g) = -m + 1 + g + 0*g. What is f(6)?
-2
Let f(s) = -3 - 6 + 7 - 5 - 2*s. What is f(6)?
-19
Suppose -2*i + 4 = x, -2*i - 2*i + 4 = 0. Let q(y) = -2. Let l(g) = -g + 3. Let n(c) = x*l(c) + 5*q(c). What is n(3)?
-10
Let o(f) = -2*f**2 + 6*f + 14. Let u be o(4). Let g(z) be the first derivative of -3*z + 1/4*z**4 - 5/3*z**3 - u + z**2. What is g(5)?
7
Suppose -5*h + 81 = -2*h. Suppose 2*j = i + 4*i + h, 12 = -4*i. Let x = 9 - j. Let c(g) = 3*g - 1. Calculate c(x).
8
Let q = 94 - 90. Suppose 0 = -3*z - q*i - 26, -5*z + 10 = -7*i + 3*i. Let r(g) = 3*g**2 + 2*g - 2. Give r(z).
6
Let q(a) = a**2 - a + 1. Suppose 0 = 2*v + 4*x - 32, -x - 4 - 9 = -3*v. Suppose 2*k + 2 + 4 = 0. Let l be 1/((v/k)/6). What is q(l)?
13
Let y(n) = n**2 - 4*n - 12. Let w be y(6). Let x(a) = a - 9. Calculate x(w).
-9
Suppose -3*g = 3*c - 33, 0*g + 4*g - 49 = -5*c. Let j(l) = -l + 6. Give j(g).
0
Let j(g) be the first derivative of -g - 1 + 3*g**2 - 1/4*g**4 + 2/3*g**3. Suppose 7*r - 1 - 27 = 0. Determine j(r).
-9
Let k(m) = m**2 + m + 1. Let a(y) = 3*y**2 - 6*y + 7. Let d(b) = a(b) - 2*k(b). Determine d(7).
-2
Suppose -m - 3 = -6. Let t be 18/((-18)/(-4) - m). Suppose j - t = -2*k, j - 5 = -k + 3. Let i(q) = q**3 - 4*q**2 - 2*q + 5. Give i(k).
-3
Let a = 38 + -38. Suppose -3*i + a = 21. Let o(j) = j**2 + 8*j + 8. What is o(i)?
1
Let z(l) = -l**2. Let c(t) = -t**2 - 2*t + 166. Let a be c(-14). Calculate z(a).
-4
Suppose 9*m = 7*m - 64. Let b = -13 - m. Let n(y) = -6 - y - 10 + b. Give n(-3).
6
Let t(z) = -4*z**2 + 5*z + 87. Let m(r) = -r**2 + r + 22. Let f(c) = 9*m(c) - 2*t(c). Let q(a) = a**2 + 5*a + 4. Let i be q(-4). What is f(i)?
24
Let f(d) = -d**2 + 6*d - 7. Suppose 0 = 4*l - 3 - 13, -2*l = z - 14. Calculate f(z).
-7
Let d(s) = -s**3 - 3*s**2 - 3. Let t(g) = 9*g + 8 - 8*g + 15 - 22. Let k(p) = -2*p + 4. Let h be k(4). Let v be t(h). Give d(v).
-3
Let o(q) = 8*q**2 + 2*q + 1. Let h(k) = -k - 26. Let b(u) = -27. Let i(c) = 3*b(c) - 2*h(c). Let v be i(14). Give o(v).
7
Suppose 2 = -4*f + 58. Let q = 19 - f. Let z(t) = t**2 - 5*t - 7. Calculate z(q).
-7
Let x(l) = -3*l**2 + 8*l - 1. Let b(t) = -9*t**2 + 22*t - 2. Let a(f) = -3*b(f) + 8*x(f). What is a(2)?
6
Let y(b) = 2*b - 4*b - 3 + b. Suppose 5*x - 186*m + 187*m + 32 = 0, 4*x + 4*m = -48. What is y(x)?
2
Let v(c) = -6*c**2 + 3*c**2 - 2 - 6*c - 2*c + 0*c**2 + 4*c. Determine v(-1).
-1
Suppose -4 = 4*q - 0. Let m(p) be the first derivative of -15*p**4/4 + p**3/3 + p**2/2 + p + 25. Calculate m(q).
16
Let a(c) = -c - 5. Suppose 3*d - 42 = 78. Suppose -5*x + 10 = d. What is a(x)?
1
Let w(y) = y**2 + 3*y + 1. Let b be w(-3). Let f(k) = 2 - 281*k**2 + 286*k**2 + k**3 - b + k + 3. What is f(-4)?
16
Let a(c) = c**2 + c - 3. Let g = -33 + 30. Let x be a(g). Let k(z) = -z**3 - 4*z + z**3 + 0*z**2 - 5*z**2 - 2 - z**x. Give k(-2).
-6
Let f(y) be the first derivative of -y**2/2 - 3*y + 6. Let c(q) = -3*q + 5. Let a be c(5). Let l = a + 8. What is f(l)?
-1
Let f(r) be the second derivative of -r**5/60 - r**4/6 - r**3/6 - r**2 + 45*r. Let n(p) be the first derivative of f(p). What is n(-5)?
-6
Let z(k) = k**3 + 5*k**2 - 6*k + 3. Suppose -294*a + 301*a = -42. Give z(a).
3
Let j(o) be the third derivative of o**5/30 - o**3/6 - 7*o**2 + 13. Let s be -4 - -2 - (1 + -5). Suppose -g = -3*b + 5, b = 7*g - s*g + 11. What is j(g)?
7
Let k(o) = o - 6. Suppose 2*d = -2*d + 60. Let j = 16 - d. Suppose -2*s + 13 = j. Calculate k(s).
0
Let v(q) = -2*q - 9. Let t = 7 + -5. Suppose -3*f = t*f - 40. Suppose -5*b = -f + 38. Determine v(b).
3
Suppose -4*k - 5*t = -22, 2*k = 5*k - 5*t + 1. Let q(c) = k - 9*c**2 + 10*c**2 + 4*c - 5. Determine q(-5).
3
Let n(o) = -o**3 - 4*o**2 + 5*o + 5. Let l be n(-5). Suppose -2*d + 3 + 9 = -4*w, -5*d + 15 = l*w. Let k(r) = 6*r + 1. Determine k(w).
-5
Let b(i) = -6*i - 9. Let u(m) = 2. Let p(f) = b(f) + 2*u(f). Calculate p(7).
-47
Let j(p) be the first derivative of -p**2/2 + p + 91. What is j(3)?
-2
Let w(g) = 3*g - 8. Let c(s) = s**3 - s**2 - 19*s - 1. Let a be c(5). Calculate w(a).
4
Let q(l) be the third derivative of -l**6/120 - l**5/30 - l**4/6 + l**3/6 + 2*l**2. Let n be (-2 - 12) + (1 - -6) + 4. Calculate q(n).
22
Let c(x) be the first derivative of -x**3 - 4*x**2 + 4*x - 175. Give c(-3).
1
Let d be 8 + -7 + 3 + -1. Let a(r) = -7*r**2 - 15*r + 8. Let w(p) = 3*p**2 + 7*p - 4. Let b(o) = -4*a(o) - 9*w(o). Calculate b(d).
4
Let n(y) = y**